t is the greatest common factor of 1278 and 18?
18
What is the greatest common divisor of 399 and 147?
21
Calculate the greatest common divisor of 308 and 286.
22
What is the highest common factor of 114 and 15048?
114
Calculate the highest common factor of 77 and 217.
7
What is the highest common divisor of 840 and 160?
40
What is the highest common factor of 220 and 40?
20
What is the highest common divisor of 64 and 4?
4
Calculate the highest common factor of 51 and 68.
17
What is the greatest common factor of 2363 and 417?
139
What is the greatest common factor of 92 and 24?
4
What is the greatest common divisor of 423 and 94?
47
Calculate the highest common divisor of 1034 and 94.
94
What is the greatest common divisor of 110 and 2134?
22
Calculate the highest common factor of 532 and 1708.
28
Calculate the greatest common factor of 1158 and 6.
6
Calculate the greatest common divisor of 75 and 875.
25
What is the greatest common factor of 42 and 480?
6
What is the highest common divisor of 20 and 70?
10
What is the highest common factor of 76505 and 22?
11
What is the greatest common factor of 1326 and 204?
102
Calculate the highest common divisor of 250 and 74.
2
What is the highest common divisor of 33 and 15?
3
Calculate the highest common factor of 150 and 825.
75
What is the greatest common divisor of 213 and 568?
71
Calculate the greatest common divisor of 33 and 12.
3
Calculate the highest common divisor of 10 and 28370.
10
Calculate the greatest common divisor of 1333 and 62.
31
Calculate the highest common divisor of 252 and 101052.
252
Calculate the greatest common factor of 3080 and 11.
11
Calculate the greatest common divisor of 10 and 32430.
10
Calculate the greatest common divisor of 31 and 713.
31
Calculate the greatest common divisor of 5377 and 19.
19
What is the greatest common divisor of 1398 and 108?
6
What is the highest common factor of 15 and 6870?
15
Calculate the greatest common divisor of 2704 and 2288.
208
What is the greatest common factor of 51 and 2397?
51
Calculate the highest common factor of 10 and 10.
10
Calculate the greatest common factor of 4455 and 1080.
135
What is the highest common divisor of 208 and 130?
26
Calculate the highest common divisor of 1856 and 1600.
64
What is the highest common divisor of 2940 and 175?
35
What is the greatest common factor of 36 and 20898?
18
What is the highest common divisor of 6 and 474?
6
What is the greatest common divisor of 38 and 3306?
38
What is the highest common factor of 51345 and 315?
315
Calculate the highest common divisor of 325 and 3445.
65
Calculate the highest common factor of 42 and 3198.
6
What is the highest common factor of 616 and 176?
88
What is the highest common divisor of 52 and 260?
52
What is the greatest common divisor of 51 and 34?
17
Calculate the greatest common factor of 1581 and 51.
51
What is the greatest common divisor of 136 and 24344?
136
Calculate the greatest common divisor of 104 and 24.
8
What is the highest common factor of 516 and 1677?
129
What is the greatest common divisor of 92 and 28?
4
Calculate the highest common divisor of 299 and 247.
13
What is the highest common factor of 146 and 7738?
146
Calculate the highest common factor of 350 and 100.
50
What is the greatest common divisor of 33 and 176?
11
What is the highest common factor of 115 and 2392?
23
Calculate the greatest common factor of 75 and 375.
75
Calculate the greatest common factor of 52 and 1404.
52
Calculate the highest common factor of 454 and 227.
227
What is the highest common divisor of 864 and 162?
54
Calculate the greatest common divisor of 371 and 1057.
7
Calculate the greatest common factor of 27 and 36693.
27
What is the greatest common divisor of 1485 and 8085?
165
Calculate the greatest common factor of 2884 and 28.
28
What is the highest common divisor of 418 and 342?
38
Calculate the greatest common factor of 5 and 1.
1
What is the greatest common factor of 475 and 19?
19
Calculate the greatest common factor of 279 and 155.
31
Calculate the greatest common factor of 2 and 537.
1
What is the highest common divisor of 164 and 123?
41
Calculate the highest common divisor of 621 and 54.
27
Calculate the highest common divisor of 40 and 56.
8
What is the greatest common divisor of 13 and 26?
13
Calculate the highest common divisor of 345 and 180.
15
Calculate the highest common factor of 5922 and 54.
18
What is the greatest common divisor of 70 and 18795?
35
Calculate the highest common factor of 86 and 2107.
43
What is the greatest common divisor of 42 and 33159?
21
What is the greatest common factor of 8349 and 69?
69
Calculate the highest common divisor of 105 and 375.
15
Calculate the highest common divisor of 22 and 2.
2
What is the highest common factor of 1134 and 1946?
14
Calculate the greatest common factor of 574 and 14.
14
What is the highest common factor of 93 and 341?
31
What is the highest common divisor of 32 and 72?
8
Calculate the highest common factor of 34 and 493.
17
Calculate the highest common divisor of 351 and 13.
13
Calculate the greatest common factor of 2079 and 198.
99
What is the highest common divisor of 49 and 98?
49
Calculate the greatest common factor of 5 and 985.
5
What is the greatest common factor of 72 and 360?
72
What is the greatest common divisor of 73 and 1971?
73
Calculate the highest common factor of 119 and 187.
17
What is the highest common factor of 2 and 146?
2
What is the greatest common factor of 66 and 297?
33
Calculate the highest common factor of 870 and 30.
30
Calculate the highest common divisor of 302 and 12.
2
Calculate the highest common divisor of 26 and 2938.
26
Calculate the greatest common divisor of 443 and 2.
1
Calculate the greatest common divisor of 1140 and 480.
60
Calculate the highest common divisor of 2 and 2.
2
What is the highest common divisor of 2662 and 15004?
242
What is the greatest common factor of 403 and 1664?
13
Calculate the greatest common divisor of 14 and 686.
14
Calculate the greatest common factor of 90 and 60.
30
Calculate the greatest common factor of 182 and 1482.
26
Calculate the greatest common factor of 11448 and 144.
72
What is the greatest common divisor of 473 and 172?
43
Calculate the highest common divisor of 398 and 4577.
199
Calculate the highest common divisor of 224 and 56.
56
What is the highest common divisor of 3290 and 250?
10
Calculate the highest common factor of 48 and 1704.
24
What is the highest common factor of 4 and 29?
1
What is the highest common divisor of 330 and 9174?
66
Calculate the highest common factor of 98 and 735.
49
What is the highest common divisor of 125 and 11125?
125
Calculate the greatest common divisor of 70 and 1715.
35
Calculate the highest common divisor of 8835 and 171.
57
Calculate the highest common factor of 286 and 22.
22
What is the greatest common factor of 85 and 731?
17
What is the highest common divisor of 11 and 7491?
11
Calculate the highest common factor of 6 and 48.
6
What is the highest common factor of 6 and 1038?
6
What is the highest common divisor of 29 and 1073?
29
Calculate the highest common divisor of 35 and 196.
7
Calculate the greatest common factor of 126 and 882.
126
Calculate the highest common divisor of 9095 and 85.
85
Calculate the highest common factor of 35 and 721.
7
What is the highest common divisor of 2809 and 53?
53
What is the greatest common factor of 72 and 60?
12
What is the highest common divisor of 384 and 864?
96
What is the greatest common divisor of 3615 and 15?
15
What is the greatest common factor of 16 and 224?
16
What is the highest common factor of 2115 and 90?
45
What is the greatest common factor of 515 and 5?
5
What is the highest common divisor of 19 and 13490?
19
Calculate the greatest common divisor of 315 and 252.
63
What is the greatest common factor of 39 and 169?
13
What is the highest common divisor of 3597 and 5232?
327
What is the highest common factor of 9 and 549?
9
What is the highest common factor of 1314 and 117?
9
What is the greatest common divisor of 10 and 815?
5
What is the highest common factor of 11094 and 1032?
258
What is the greatest common factor of 252 and 56?
28
What is the highest common divisor of 186 and 124?
62
Calculat